st common factor of 3247 and 272.
17
What is the greatest common divisor of 19580 and 1760?
220
Calculate the greatest common divisor of 2123230 and 670.
670
What is the greatest common factor of 28 and 487676?
28
Calculate the greatest common factor of 1541 and 62511.
67
Calculate the greatest common divisor of 100 and 18830.
10
Calculate the greatest common divisor of 23858 and 1422.
158
What is the greatest common factor of 2336 and 3656?
8
Calculate the greatest common factor of 175674 and 1311.
1311
Calculate the highest common factor of 1220 and 4425855.
305
Calculate the greatest common divisor of 4648 and 27307.
581
What is the highest common divisor of 4339318 and 62?
62
Calculate the highest common factor of 314796 and 636.
12
What is the greatest common divisor of 414728 and 376?
376
Calculate the highest common divisor of 126 and 1172136.
42
What is the greatest common factor of 27424 and 40?
8
Calculate the highest common divisor of 93 and 154039.
31
What is the highest common divisor of 1348 and 10920822?
674
Calculate the greatest common divisor of 218595 and 615.
15
Calculate the greatest common divisor of 256 and 9376.
32
What is the greatest common factor of 1540 and 21615?
55
What is the greatest common factor of 357 and 8500?
17
What is the greatest common factor of 8 and 905928?
8
What is the highest common divisor of 108537 and 46?
23
What is the greatest common factor of 35119 and 2117?
29
Calculate the greatest common divisor of 730774 and 236.
118
What is the greatest common factor of 8960 and 840?
280
Calculate the highest common divisor of 40601 and 1.
1
Calculate the highest common factor of 505 and 393698.
101
What is the greatest common factor of 77084 and 406?
14
What is the highest common divisor of 1731471 and 861?
861
Calculate the greatest common factor of 751780 and 40.
20
What is the greatest common factor of 580 and 5053540?
580
Calculate the highest common factor of 85280 and 129970.
410
Calculate the greatest common factor of 29 and 1726486.
29
What is the greatest common divisor of 9244 and 6?
2
What is the greatest common divisor of 856 and 6527?
107
Calculate the highest common divisor of 107 and 255623.
107
What is the highest common factor of 144 and 1362?
6
Calculate the greatest common factor of 3 and 965744.
1
Calculate the greatest common divisor of 35224 and 2627.
37
Calculate the highest common divisor of 274 and 2956186.
274
What is the highest common factor of 223856 and 2992?
272
Calculate the highest common factor of 737 and 6589.
11
Calculate the greatest common factor of 100494 and 162.
54
Calculate the highest common factor of 3224 and 147901.
403
What is the highest common divisor of 2794 and 154?
22
What is the highest common factor of 86 and 828266?
86
Calculate the highest common factor of 95 and 4617.
19
What is the greatest common divisor of 5856 and 3111?
183
Calculate the highest common factor of 17298 and 9.
9
What is the greatest common divisor of 44 and 107426?
22
What is the greatest common factor of 6942 and 546?
78
Calculate the highest common factor of 10718 and 276.
46
Calculate the greatest common factor of 162 and 559710.
162
Calculate the highest common divisor of 15539 and 1230.
41
What is the greatest common factor of 871782 and 86?
86
What is the greatest common factor of 230276 and 69?
23
What is the greatest common divisor of 3393 and 1677?
39
What is the highest common divisor of 190600 and 1400?
200
What is the greatest common divisor of 653 and 540031?
653
What is the greatest common divisor of 78 and 315016?
26
What is the highest common divisor of 192002 and 14?
2
What is the highest common divisor of 18707 and 7943?
13
Calculate the highest common divisor of 16 and 1245424.
16
What is the greatest common factor of 7917 and 13920?
87
What is the greatest common factor of 305429 and 86?
43
What is the highest common factor of 520700 and 410?
410
Calculate the highest common divisor of 264456 and 72.
72
Calculate the greatest common divisor of 34342 and 770.
154
What is the greatest common divisor of 1044207 and 22608?
1413
Calculate the highest common divisor of 13 and 30979.
13
What is the greatest common factor of 287 and 7339?
41
What is the highest common divisor of 64014 and 55161?
681
Calculate the highest common factor of 16 and 23792.
16
Calculate the highest common divisor of 38 and 2880381.
19
Calculate the greatest common factor of 4 and 279316.
4
What is the highest common factor of 1944 and 3768?
24
Calculate the highest common factor of 56340 and 3210.
30
What is the greatest common divisor of 2936830 and 1189?
1189
Calculate the highest common factor of 6489 and 1957.
103
What is the greatest common factor of 19668 and 42?
6
Calculate the highest common factor of 24236 and 3652.
332
Calculate the greatest common divisor of 12 and 1129134.
6
Calculate the highest common divisor of 4 and 53101.
1
Calculate the highest common factor of 235 and 2297125.
235
What is the highest common divisor of 16 and 2318704?
16
Calculate the highest common divisor of 2106813 and 597.
597
Calculate the greatest common divisor of 595 and 26894.
119
Calculate the greatest common divisor of 743821 and 3016.
377
What is the greatest common divisor of 20 and 87310?
10
Calculate the highest common divisor of 6 and 671754.
6
Calculate the greatest common factor of 40 and 52816.
8
Calculate the greatest common factor of 1831958 and 206.
206
What is the greatest common divisor of 447762 and 294?
294
Calculate the highest common divisor of 120 and 47304.
24
Calculate the greatest common factor of 22320 and 60.
60
Calculate the greatest common factor of 80520 and 198.
66
Calculate the greatest common factor of 580 and 596.
4
Calculate the greatest common factor of 5628 and 1809.
201
Calculate the greatest common factor of 45550 and 450.
50
Calculate the greatest common factor of 200 and 179750.
50
What is the highest common divisor of 793 and 13?
13
Calculate the highest common divisor of 4773 and 86.
43
What is the highest common factor of 19992 and 1785?
357
What is the highest common divisor of 1069240 and 40?
40
Calculate the highest common divisor of 65 and 12337.
13
What is the greatest common factor of 670494 and 462?
66
Calculate the greatest common factor of 6 and 257802.
6
Calculate the highest common divisor of 870 and 21660.
30
What is the greatest common divisor of 10 and 190?
10
Calculate the greatest common divisor of 4564962 and 9.
9
What is the greatest common divisor of 318719 and 1136?
71
Calculate the highest common divisor of 9752 and 132076.
212
What is the greatest common divisor of 128 and 9392?
16
Calculate the highest common factor of 107 and 222346.
107
What is the greatest common factor of 205 and 117055?
205
What is the greatest common factor of 240 and 146000?
80
Calculate the greatest common divisor of 82 and 1270754.
82
Calculate the greatest common factor of 115 and 32108.
23
Calculate the greatest common factor of 390 and 197860.
130
What is the greatest common divisor of 132905 and 1520?
95
Calculate the greatest common factor of 1614716 and 4.
4
Calculate the greatest common divisor of 194277 and 744.
93
Calculate the highest common divisor of 2442562 and 122.
122
What is the greatest common divisor of 24048 and 24624?
144
Calculate the greatest common factor of 212412 and 186.
186
Calculate the greatest common factor of 335 and 38615.
5
What is the greatest common factor of 306977 and 11?
11
Calculate the highest common divisor of 95 and 1499765.
95
Calculate the highest common divisor of 363 and 44407.
121
What is the highest common factor of 301 and 2758?
7
What is the greatest common factor of 48087 and 312?
39
Calculate the greatest common divisor of 639120 and 60.
60
Calculate the greatest common divisor of 216 and 51552.
72
Calculate the greatest common factor of 2303 and 12173.
329
Calculate the highest common divisor of 9159 and 426.
213
Calculate the greatest common factor of 1572 and 1068.
12
What is the greatest common divisor of 166500 and 690?
30
Calculate the greatest common factor of 2219 and 13631.
317
Calculate the greatest common factor of 1 and 131376.
1
What is the highest common divisor of 49 and 3221?
1
What is 